?
2, 3, 4663, 16787
What are the prime factors of 581916576?
2, 3, 61, 99371
List the prime factors of 2212166202.
2, 3, 47, 67, 191, 613
List the prime factors of 2961819889.
7, 67, 79, 79939
List the prime factors of 92227549.
113, 383, 2131
List the prime factors of 86765918.
2, 97, 447247
What are the prime factors of 276187816?
2, 3719, 9283
What are the prime factors of 118591785?
3, 5, 13, 73, 2777
What are the prime factors of 101719203?
3, 487, 69623
List the prime factors of 1287264465.
3, 5, 2777, 10301
What are the prime factors of 82131619?
1823, 45053
List the prime factors of 1408049910.
2, 3, 5, 19, 823421
List the prime factors of 52530431.
1489, 35279
List the prime factors of 297605659.
13, 71, 322433
List the prime factors of 195107733.
3, 1801, 12037
What are the prime factors of 53860347?
3, 41, 145963
List the prime factors of 39199372.
2, 9799843
What are the prime factors of 45796740?
2, 3, 5, 11, 69389
What are the prime factors of 140521855?
5, 28104371
What are the prime factors of 1357450195?
5, 829, 327491
What are the prime factors of 714419673?
3, 11, 43, 79, 6373
What are the prime factors of 151458877?
881, 171917
What are the prime factors of 123545923?
19, 37, 43, 61, 67
List the prime factors of 1943167344.
2, 3, 40482653
What are the prime factors of 2105459859?
3, 23, 30513911
What are the prime factors of 131878478?
2, 65939239
List the prime factors of 320918105.
5, 859, 74719
List the prime factors of 75044523.
3, 2357, 10613
What are the prime factors of 37479208?
2, 13, 277, 1301
What are the prime factors of 149018315?
5, 229, 130147
What are the prime factors of 173462036?
2, 11, 1237, 3187
List the prime factors of 2159234049.
3, 7, 37, 56713
What are the prime factors of 102890626?
2, 541, 95093
List the prime factors of 644444138.
2, 13, 59, 61, 71, 97
What are the prime factors of 97346734?
2, 48673367
List the prime factors of 249186031.
249186031
What are the prime factors of 71256273?
3, 11, 2159281
List the prime factors of 1709434832.
2, 7, 15262811
List the prime factors of 215845567.
7, 19, 83, 19553
What are the prime factors of 1990969325?
5, 79638773
List the prime factors of 1090543223.
7, 11, 3407, 4157
List the prime factors of 165236488.
2, 20654561
What are the prime factors of 184786857?
3, 20531873
What are the prime factors of 21131813?
21131813
List the prime factors of 14888188.
2, 7, 619, 859
What are the prime factors of 238221202?
2, 19, 6268979
List the prime factors of 61319834.
2, 53, 578489
List the prime factors of 159845141.
349, 458009
What are the prime factors of 318684799?
29, 10989131
What are the prime factors of 315801296?
2, 103, 191627
What are the prime factors of 33226847?
79, 420593
List the prime factors of 91613374.
2, 17, 2694511
What are the prime factors of 960004699?
11867, 80897
List the prime factors of 4634563783.
17, 272621399
What are the prime factors of 17431261?
17431261
What are the prime factors of 32767986?
2, 3, 5461331
List the prime factors of 320707087.
1091, 293957
List the prime factors of 51286624.
2, 19, 67, 1259
What are the prime factors of 52683402?
2, 3, 1879, 4673
What are the prime factors of 880069?
880069
List the prime factors of 4450793260.
2, 5, 43, 101, 51241
What are the prime factors of 35029306?
2, 13, 37, 2801
What are the prime factors of 1605651174?
2, 3, 3303809
List the prime factors of 1812853190.
2, 5, 181285319
List the prime factors of 39176708.
2, 19, 59, 8737
What are the prime factors of 217839656?
2, 79, 344683
List the prime factors of 14830595.
5, 13, 17551
What are the prime factors of 1352372257?
61, 22170037
What are the prime factors of 1342068425?
5, 397, 135221
What are the prime factors of 582328683?
3, 317, 22679
List the prime factors of 123244298.
2, 19, 3243271
What are the prime factors of 53326161?
3, 7, 17, 2371
What are the prime factors of 225720037?
225720037
List the prime factors of 34376166.
2, 3, 11, 173617
List the prime factors of 6969458400.
2, 3, 5, 19, 152839
List the prime factors of 445100036.
2, 89, 1250281
List the prime factors of 74684462.
2, 149, 250619
What are the prime factors of 195165405?
3, 5, 137, 31657
List the prime factors of 4737790074.
2, 3, 789631679
List the prime factors of 990590196.
2, 3, 37, 2231059
What are the prime factors of 364859811?
3, 40539979
What are the prime factors of 1132501089?
3, 1877, 201119
List the prime factors of 605185110.
2, 3, 5, 2411, 2789
What are the prime factors of 920044007?
127, 7244441
What are the prime factors of 2381780695?
5, 7, 47, 1447891
What are the prime factors of 1639944616?
2, 89, 2303293
What are the prime factors of 370557496?
2, 46319687
List the prime factors of 121148970.
2, 3, 5, 17, 237547
What are the prime factors of 5733296475?
3, 5, 76443953
List the prime factors of 3045313.
89, 34217
What are the prime factors of 1934286316?
2, 17, 47, 605221
List the prime factors of 459931472.
2, 7, 11, 13, 47
What are the prime factors of 209339600?
2, 5, 523349
List the prime factors of 16564366.
2, 7, 13, 7001
List the prime factors of 9399590084.
2, 29, 73, 1110013
What are the prime factors of 5756713024?
2, 19, 4734139
What are the prime factors of 1096725662?
2, 3719, 147449
What are the prime factors of 1288109386?
2, 139, 4633487
What are the prime factors of 4311232496?
2, 31, 8692001
List the prime factors of 221698837.
1091, 203207
What are the prime factors of 1099313950?
2, 5, 7, 1039, 3023
List the prime factors of 52853078.
2, 31, 107, 257
What are the prime factors of 2889359366?
2, 2741, 527063
What are the prime factors of 48600666?
2, 3, 2700037
List the prime factors of 314296039.
191, 1645529
What are the prime factors of 992591421?
3, 947, 349381
List the prime factors of 1899862137.
3, 937, 225289
List the prime factors of 61641044.
2, 89, 173149
List the prime factors of 72513214.
2, 36256607
What are the prime factors of 557643620?
2, 5, 79, 352939
List the prime factors of 343454873.
343454873
List the prime factors of 53121745.
5, 307, 34607
List the prime factors of 1458251898.
2, 3, 243041983
What are the prime factors of 4902481373?
4902481373
List the prime factors of 67070888.
2, 8383861
What are the prime factors of 47574928?
2, 2973433
What are the prime factors of 902082256?
2, 109, 517249
What are the prime factors of 563813974?
2, 47, 227, 26423
What are the prime factors of 65329143?
3, 11, 257, 7703
List the prime factors of 1658234652.
2, 3, 19, 211, 34469
List the prime factors of 178684648.
2, 181, 123401
List the prime factors of 1446808897.
1446808897
What are the prime factors of 605951261?
23, 439, 60013
What are the prime factors of 353164240?
2, 5, 11, 13, 30871
List the prime factors of 206456357.
1523, 135559
List the prime factors of 111580236.
2, 3, 19, 163129
List the prime factors of 6723372606.
2, 3, 107, 10472543
What are the prime factors of 202839824?
2, 11, 947, 1217
List the prime factors of 385795401.
3, 359, 358213
List the prime factors of 3821340922.
2, 7, 31, 47, 187339
List the prime factors of 94652996.
2, 23663249
List the prime factors of 50826214.
2, 919, 27653
What are the prime factors of 5912977?
7, 17239
What are the prime factors of 1019819084?
2, 173, 883, 1669
List the prime factors of 1043386730.
2, 5, 17, 6137569
List the prime factors of 13696210.
2, 5, 11, 89, 1399
What are the prime factors of 108242490?
2, 3, 5, 1051, 3433
What are the prime factors of 52429861?
11, 4766351
What are the prime factors of 135333261?
3, 7, 79561
List the prime factors of 44738830.
2, 5, 47, 95189
List the prime factors of 2923866.
2, 3, 11, 14767
What are the prime factors of 5156588?
2, 67, 71, 271
List the prime factors of 23711168.
2, 13, 28499
List the prime factors of 166790152.
2, 53, 393373
What are the prime factors of 47698657?
1097, 43481
List the prime factors of 11048102.
2, 13, 47, 9041
List the prime factors of 334192640.
2, 5, 41, 199
What are the prime factors of 1512441642?
2, 3, 252073607
What are the prime factors of 956258674?
2, 7, 31, 2203361
What are the prime factors of 7147989574?
2, 11, 101, 109, 2683
What are the prime factors of 331859405?
5, 66371881
List the prime factors of 181331431.
31, 5849401
List the prime